the tens digit of w?
1
Let o be (0 + (-66)/55)/(1/(-10)). What is the tens digit of -6 + 68/o - 1904/(-6)?
1
Let g(t) = -47 + 83 - 43 + t**2 + 5*t. What is the tens digit of g(6)?
5
Let d = -25 + 25. Let g(j) = -2*j + 58. Let a be g(d). Suppose -n = 4*u - 43, n - 2*u + u - a = 0. What is the tens digit of n?
5
Suppose -3*b + 1713 = 360. Let f = b - 290. What is the units digit of f?
1
Let l(j) = 10531*j - 495. What is the thousands digit of l(9)?
4
Let s(j) = 40712*j - 2244. What is the tens digit of s(2)?
8
Suppose 1382 = 2*z - 3*u - 3527, 5*u = -2*z + 4933. What is the tens digit of z?
5
Suppose -19*r + 16976 + 40100 = -0*r. What is the units digit of r?
4
Let s(x) = -276*x + 763. What is the units digit of s(-9)?
7
Let s(w) = -w**3 - 6*w**2 + 8*w + 11. Suppose -2*m - m = 3*b + 33, -4*m - 2*b = 36. Let k be s(m). Suppose 153 = k*v - 179. What is the units digit of v?
3
Suppose 0 = -3*j - 2*z - 10 - 6, 21 = 2*j - 5*z. Let u(i) = -11*i**3 - 2*i. What is the tens digit of u(j)?
9
Let z = -44 + -20. Let l = 67 + z. Suppose -l*b - 29 = -197. What is the tens digit of b?
5
Suppose 0 = -9*y + 9 + 45. Suppose y*h = 11*h + 160. What is the tens digit of 21/(-2)*(h - -18)?
4
What is the tens digit of -15 + 31/(217/50680)?
2
Suppose -6*y = -2*h - 5*y + 39602, 0*y - 5*y = 0. What is the units digit of h?
1
What is the tens digit of 76/(-16) - -5 - (-4 + (-6135)/4)?
3
Let w(f) = 11*f + 63. Let o = 78 - 57. What is the hundreds digit of w(o)?
2
Suppose 69 = 6*a - 57. What is the tens digit of (a/6)/(2/68)?
1
Suppose -3*g - 423 = -0*u - u, -u - 3*g + 399 = 0. Suppose -u = -5*r + 244. What is the hundreds digit of r?
1
Let i = 323 - 327. What is the units digit of (4552/32)/((-1)/i)?
9
What is the units digit of (-778)/((-14)/(391 - -1))?
4
Suppose 2*j + 33*y - 38*y = 109, 0 = 4*j + 4*y - 232. Suppose j*f - 50113 = 54026. What is the units digit of f?
7
What is the units digit of 3493 + 4/(-12)*21 + 5?
1
Let m = -35825 - -64022. What is the ten thousands digit of m?
2
What is the ten thousands digit of 2*((-5378427)/696)/(6/(-8))?
2
What is the tens digit of ((-12)/6 - -39)/((-4)/28*-1)?
5
Suppose -112*h = -75*h - 594960. What is the ten thousands digit of h?
1
What is the tens digit of (-108729)/(-12) + (-3)/(-6)*(-14)/(-28)?
6
Suppose 13*i + 53 = 9*i + f, 3*f = -9. Let m = 6027 - 8733. What is the tens digit of i/21 - m/9?
0
Suppose -7*j - 4*j + 4*j = 0. Suppose j = 82*z - 84*z + 1022. What is the hundreds digit of z?
5
Let d be 11/(44/(-112)) - 3. Let x = -29 - d. Suppose -3*r + 102 = -x*r. What is the tens digit of r?
0
Let f(p) = -6*p**2 - 12*p - 19. Let q be f(-6). Let j = q - -212. What is the tens digit of j?
4
Suppose 3*r - 14 - 15 = 2*m, -2*m = -4*r + 38. Let j = 249 - r. What is the hundreds digit of j?
2
What is the units digit of 13/195*446414 + (-3)/(-45)?
1
What is the ten thousands digit of ((-3)/(-5))/((-22)/(-537460))?
1
Let c = -208 + 984. Let q = c - 503. What is the units digit of q?
3
Suppose -6*p - 4 = -4*p, 3*p = -d + 19515. What is the hundreds digit of d?
5
Let x(s) = -100*s**3 - 6*s**2 - 43*s - 205. What is the thousands digit of x(-4)?
6
Let u = 11977 + -9238. What is the tens digit of u?
3
Let c(k) be the second derivative of -k**5/20 - 5*k**4/6 + k**3/2 + k**2 - 3*k + 11. What is the units digit of c(-12)?
4
Let k(o) = 67*o**2 + 18*o - 206. What is the units digit of k(8)?
6
Let g = 1654 + 21623. What is the thousands digit of g?
3
Let v be 2*258/4 - 5. Suppose 5*f + 476 = -v. Let s = f - -219. What is the tens digit of s?
9
Let k(x) = 6*x**3 - x**2 - 8*x - 4. Let i be k(7). Suppose -2*t - 625 = 2*g - i, 0 = 5*t + 4*g - 3306. What is the tens digit of t?
5
Let z be 6/(-51) - 312532/(-34). Suppose -16*v + 2104 + z = 0. What is the hundreds digit of v?
7
Suppose 0 = 4*o - 5*w - 17443, 11*w = -5*o + 6*w + 21725. What is the units digit of o?
2
Let s(f) = -f**3 + 7*f**2 + 14*f - 15. Let w be s(-12). Suppose 393 = -5*d + w. What is the tens digit of d?
3
Suppose 4*c = i + 2*i + 37, -2*i + 6 = 5*c. Let a(g) = 2*g**2 + 5*g - 27. Let b be a(i). Suppose 3*h - 75 = b. What is the tens digit of h?
3
Suppose -60*c = -35*c + 30300. Let f = -751 - c. What is the tens digit of f?
6
Let s be (-2)/(-4) - 5/((-30)/33). What is the units digit of 2/s*(1134 - 27)?
9
Let z = -7221 - -17416. What is the thousands digit of z?
0
Suppose -3*h = 4*z - 8*h - 49, z - 4*h = 26. Suppose -d - 2*j = -11 - 145, -2*j - z = 0. Suppose 2*b - f = 86, -4*b - f + d = -4. What is the tens digit of b?
4
Let k be (1 - 0)*(-8 - -13) - -484. What is the units digit of k - (20/5 - 2)?
7
Suppose 21*b - 17*b = 4. What is the hundreds digit of (3/b)/((-3)/(-479))?
4
What is the ten thousands digit of -3 + 10 + -11 - (-14 + 5 - 44451)?
4
Suppose 9*q - 4*q = -20, -2*q + 340 = 2*w. What is the tens digit of w?
7
Let g(u) = -u**3 - 5*u**2 - 2*u + 8. Let i be g(-5). Suppose i*w + 774 = 20*w + 4*f, f - 1890 = -5*w. What is the tens digit of w?
7
Let y(q) be the third derivative of q**5/15 + 9*q**4/8 + 7*q**3/2 + 59*q**2. What is the hundreds digit of y(-10)?
1
Let s(w) = w**3 + 41*w**2 + 7*w - 714. What is the units digit of s(-33)?
7
Suppose -26*j + 3*y = -28*j + 20, -5*j + 40 = 5*y. What is the tens digit of (j + 33 - -7)*10?
4
Suppose -4*o + 0*o + 40 = 3*a, 0 = 4*a + 5*o - 53. Suppose -3*c = -a - 0. Suppose 8*m - b = 3*m + 831, -688 = -c*m - 5*b. What is the tens digit of m?
6
Let q = -61 + 65. Suppose 0 = 2*j + q*o + 121 + 191, 0 = -2*o - 4. Let m = j + 307. What is the tens digit of m?
5
Suppose -7*l + 23 = -2*l + 4*y, 0 = 2*l + 4*y - 14. Let m be -2 + l/((-3)/(-4)). Suppose -5*j + w = -w - 108, 64 = 3*j - m*w. What is the tens digit of j?
2
Suppose -2*b - 4196 + 1397 = 5*d, 0 = -b - 3*d - 1399. Let z = -812 - b. What is the tens digit of z?
9
Let k(y) = 126*y**2 + 85*y - 755. What is the tens digit of k(10)?
9
Let b(c) = -c**3 - 3*c**2 - 4*c - 10. Let n be b(-3). Suppose 5 = n*l + 5. What is the units digit of 79/4 - (l - (-4)/(-16))?
0
Let a(f) = 80*f - 10. Let b be a(-3). Let w = b - -354. What is the hundreds digit of w?
1
Let n be (-6 - 1576/3)/(6/(-9)). Suppose -2*a - 4*f = -1550, -5*f - n - 2368 = -4*a. What is the hundreds digit of a?
7
Suppose -7*z + 6*v = -6*z - 20242, -2*v = 4. What is the tens digit of z?
3
What is the hundreds digit of 26303 - (-4 - 5/((-4)/(-48)*20))?
3
Let r = 382 - -650. Suppose 10*i = 14*i - r. What is the units digit of i?
8
Let y be (-3)/(-2)*(-64)/(-6). Suppose y*s = 11*s + 85. Let a = s - 12. What is the units digit of a?
5
Let d(t) be the third derivative of 631*t**5/60 + 11*t**4/24 - 5*t**3/3 - 2*t**2 + 5*t. What is the hundreds digit of d(1)?
6
Let d(s) = 70*s + 699. What is the thousands digit of d(11)?
1
Let m be ((-6 - -14) + -9)*-4435. Let n = m - 2839. What is the thousands digit of n?
1
Let v(g) = -65*g + 455. Let w be v(7). What is the tens digit of 542 - w*3/(-15)?
4
Suppose 22*i = 7*i + 525. Suppose -4*z = b - i, 0*b - b + 17 = -2*z. What is the units digit of b?
3
Let v be 0 - (-2)/6 - (-150)/9. Let w = v + -3. What is the units digit of ((-1 + 5)/2)/(w/595)?
5
Let y be (-3 + 1 + 2*2)*1. Suppose -y + 26 = 6*p. Suppose 0*j = -p*j + 100. What is the tens digit of j?
2
What is the tens digit of 9/(1836/4620624) - (-2)/(-17)?
5
Let w = 45453 + -20496. What is the thousands digit of w?
4
Let m be 2*(-3)/9*9/(-2). Suppose -3*u + o - 3588 = -m*o, 2*o + 4806 = -4*u. What is the tens digit of ((-12)/10)/(36/u)?
4
Let y = -5705 - -5706. Let i(f) be the second derivative of 41*f**4/3 + f**3/6 - f. What is the units digit of i(y)?
5
Suppose 10619 = -4*m - 165. Let i = m + 1586. What is the tens digit of i/(-6)*(-12)/(-15)?
4
Let m(w) = -6133*w - 10303. What is the units digit of m(-6)?
5
Let u(x) = -x + 1. Let v(b) = 5*b - 1. Let i(p) = 4*u(p) + v(p). Let g be i(-2). Let c(l) = 72*l**3 + 3*l - 2. What is the units digit of c(g)?
3
Let w = -4147 - -7379. What is the units digit of w?
2
Suppose 24*t - 2844 = 22*t. Suppose -4*v + 2*r = -t, 2*v + 4*r = 439 + 247. What is the hundreds digit of v?
3
Let g = -126 - -128. Suppose 0 = -9*v + 4*v + 4*x + 408, 162 = g*v - 2*x. Let k = v - -37. What is the tens digit of k?
2
What is the units digit of (-18)/(-21) + (-187806)/(-21)?
4
What is the units digit of (1 + 0 + 7819)/(461 + -460)?
0
Let